rue
Let x = 32 + -32. Suppose 3*g = 3*d - x*g + 8439, 2*g - 11252 = 4*d. Let z = -828 - d. Is z composite?
True
Let b(l) be the third derivative of -l**6/24 - 7*l**5/30 - l**4/12 - 35*l**3/6 - 247*l**2. Is b(-12) a prime number?
False
Let a be 211575/(-9) + 2/6. Let q = 45763 + a. Is q a prime number?
False
Suppose 420390 = 51*v - 855273. Is v prime?
True
Let g(s) = 25325*s + 8242. Is g(11) a composite number?
True
Suppose -v + 5*v - 36 = 0. Let y be ((-4)/(-12))/((-3)/v). Is y/(-1)*251*1 prime?
True
Let g be (-14)/(-4) + 12/(120/25). Suppose -v - g*i = -4*i - 5443, v - i = 5428. Is v composite?
True
Let m = 1532098 - 456531. Is m prime?
False
Let k(h) = -h**3 + 3*h**2 - 2. Let y be k(4). Let s be (-5)/3 + y/(-27). Is (-1988)/(5 + -1)*s a composite number?
True
Suppose 4*q = -6*q + 40. Let f(o) = 1809*o**2 + 9*o + 1. Is f(q) a prime number?
False
Let j = 1325649 - 32866. Is j a composite number?
False
Suppose 5*l = -25, 66*l + 20743 = 2*r + 65*l. Is r a composite number?
False
Suppose 49*y + 8*y - 189406 = -1705. Is y composite?
True
Let b(d) = -17*d**2 - 10*d - 37. Let n be b(-6). Let h = 16358 + n. Is h a composite number?
True
Let k = -29 + 30. Suppose -15 - k = -2*j - 4*n, 2*j = 4*n - 16. Suppose j*i - 5*i + 8805 = 0. Is i composite?
True
Let g(f) = -110*f + 10. Let a be g(-5). Suppose -2538 = -84*m + 86*m. Let k = a - m. Is k prime?
False
Let v = -301 - -109. Is (499/4)/(6/v*-8) a prime number?
True
Let s be (396 - (-6 + -1)) + 3. Let i = s - 111. Is i composite?
True
Let h(k) = k**3 - 8*k**2 + 8*k + 18. Let r be h(6). Let m(g) = -148*g**3 - 9*g**2 - g - 1. Is m(r) a prime number?
True
Let a(f) = 8*f + 10. Let n(w) = w**3 - 3*w**2 - 7*w + 1. Let z be n(5). Suppose 5*g - 2*p - 46 = 2*p, 2*p - z = -4*g. Is a(g) a prime number?
False
Let m = 26898 - -8693. Is m composite?
False
Is (1 - -11529) + (-15 + -1 - -5) a prime number?
True
Let c(k) = -k**3 - 9*k**2 - 14*k - 24. Let i be c(-13). Suppose -8*s + 4674 = i. Let w = 209 + s. Is w prime?
False
Suppose -9*p + 13387 = 310. Let i = -2457 + p. Let o = 1525 + i. Is o a prime number?
True
Let d(g) = -75*g - 20. Let j(t) = 226*t + 61. Let w(x) = 17*d(x) + 6*j(x). Let k(p) = p**3 - 25*p**2 - 8*p + 207. Let r be k(25). Is w(r) composite?
False
Let j(s) = 2*s**2 + 9*s + 10. Let l be j(-4). Let m be (l/(-2))/((-2)/414). Suppose x + 5*a = 4*x - m, -5*a - 217 = -x. Is x a prime number?
False
Let l be (4 + -5)/(3/12). Let d be l/10 - 6152/20. Let k = d + 571. Is k prime?
True
Let o(a) = -2*a**3 + 34*a**2 - a + 13. Suppose -n = k - 54, -3*k + 2*n + 78 = -64. Let y = k + -35. Is o(y) a prime number?
False
Let j(n) = 3*n**2 - 8*n + 13 + 11 + 19. Is j(12) a composite number?
False
Let h(r) = -r**3 - 3*r**2 - 3*r - 1. Let w be h(-3). Suppose 2*u - 12 = -4*q + w, -5 = -q. Suppose u = -5*j + 7*j - 938. Is j a composite number?
True
Let y(u) = 94145*u - 151. Is y(10) prime?
True
Let y = 36181 - 21338. Suppose 0 = -4*d + y + 10313. Is d a composite number?
True
Let f(g) = g. Let o be f(5). Is 1*2325 - (o + -15 - -8) prime?
False
Suppose -18 = 5*j - 163. Let o = j - 24. Suppose o*i + 749 = n, 3*i = -5*n + 4*i + 3745. Is n prime?
False
Let h = 174 + -181. Let j(v) = -918*v + 85. Is j(h) a prime number?
False
Let y = 213261 + -25952. Is y composite?
True
Let m(g) = 152*g**2 + 14*g - 1. Let j be 4/26 - 7/91*-63. Is m(j) a prime number?
False
Let i(w) = 9*w - 7 + 20 - 8*w. Let j be i(-17). Let a(d) = -120*d - 11. Is a(j) a prime number?
False
Suppose 93*x + 43*x - 91045142 = 18*x. Is x a composite number?
False
Let o(u) = -19*u - 79. Let i be o(-5). Suppose 21954 = -10*t + i*t. Is t prime?
True
Let l be 6 + 1 + -243642 + 61. Is 10/(-75) + (l/(-30) - -2) a prime number?
False
Let y(x) = 2*x**2 - 33*x + 12. Suppose -47*q + 44*q = -69. Let i be y(q). Suppose 0 = -s + i + 60. Is s prime?
False
Let w(g) = -29*g - 199. Let r be w(-7). Let h = 32 + -8. Is 307/r - (-6)/h a prime number?
False
Suppose -2*j = -489 - 947. Let g = j - 3587. Let p = g - -5072. Is p prime?
True
Let i = 59 - 59. Suppose i = -0*z + 3*z - 24. Is (-14001)/(-11) - z/(-44) prime?
False
Let m(p) = 2457*p**2 + 242*p - 127. Is m(-22) a prime number?
False
Let l(j) = -431*j**3 + 9*j**2 + 40*j + 121. Is l(-4) a prime number?
True
Let b(z) = 86*z - 20 + 3 - 16 + 12*z**2 + 36*z**2. Is b(-29) prime?
False
Let g = -176 - -188. Is (-18)/(-108) + 15274/g a composite number?
True
Let s(g) = -g**3 - 5*g**2 + 8*g + 8. Let n be s(-5). Let i = n + 33. Is i/(2 - 1265/635) composite?
False
Suppose -30*r - 15560247 = -27*r - 62*r. Is r composite?
True
Let i = 40 - 36. Let n = 10 + i. Suppose 9*z - n*z + 1645 = 0. Is z prime?
False
Suppose -4*d - 65 = 423. Let g = d + 43. Let v = g - -194. Is v a prime number?
False
Suppose 4*z + 5*y - 1292425 + 256034 = 0, -5*z - y = -1295494. Is z a prime number?
True
Suppose 2402694 = 40*s + 86*s. Is s composite?
False
Suppose 4*w + 16 = 0, -16*w + 13*w + 126152 = 4*j. Is j a composite number?
False
Suppose -x = 3*x + 4*d - 16, 16 = 4*x - 4*d. Let i(r) = 20*r - 12. Let z be i(x). Suppose 67*y + 47 = z*y. Is y prime?
True
Let n = 184 - 190. Is 4544 + n/(36/42) a prime number?
False
Let d(t) = 2*t**3 - 2*t**2 - 1. Let h(o) = 3*o**3 - 3*o**2 - 1. Let i(y) = 8*d(y) - 5*h(y). Let s be i(2). Is (s/2*-2)/(1/(-329)) prime?
False
Suppose 0 = -21*q + 61*q + 75640. Suppose 2*z - 3*l = -2617, -5*z - 5*l + 3406 = 9911. Let b = z - q. Is b composite?
False
Let m(t) = 87*t**3 - 9*t**2 + 3*t + 17. Suppose 40*z = 17*z + 138. Is m(z) a composite number?
False
Let i be (-5)/(-100)*5 + 515/20. Suppose -i*d + 38066 = -12*d. Is d a prime number?
True
Let g be 2 + -58 + 0/(-3). Let w = 64 + g. Is 652 - w/(40/15) a composite number?
True
Suppose -3*s + 1 = -8. Let l be ((-120)/300)/(1/5). Is (2/s)/(l/(-6849)) a composite number?
True
Suppose -43*d + 0*d + 1760742 = -449931. Is d a composite number?
True
Suppose -5*z + 36 = -5*c + 91, 5*c = -3*z + 23. Suppose -2*h + c*h = -645. Let s = h - -380. Is s composite?
False
Suppose -2*c + 4*b - 3*b + 687993 = 0, 0 = -c + 3*b + 343994. Is c a composite number?
False
Suppose 3*v - o = v + 27, -5*o + 57 = 2*v. Suppose 30 = v*r - 11*r. Suppose 3*z + s - 109 = 0, 5*s + r = z - 9. Is z composite?
True
Let l = 16 + -10. Let v(f) be the third derivative of 7*f**5/12 - f**4/8 - f**3/6 - f**2. Is v(l) composite?
True
Let w be 15676*(-4 + 66/24 + 1). Let u = 2680 - w. Is u a prime number?
True
Let l(n) = 15389*n - 1605. Is l(14) a prime number?
False
Let b(o) = 207138*o**2 + 63*o - 200. Is b(3) prime?
False
Let k be (-189)/(-28) + -7 - (-1767214)/(-8). Is -3 + k/(-42) - 3/(-7) a prime number?
False
Suppose -309895 = -3*n - 2*h + 1372066, -3*n + 3*h = -1682001. Is n composite?
True
Let u be 1 - (39 + -4)/5. Let y be (-27)/(-6)*(-12)/u. Suppose 2*k - 1903 = -3*p, -6*p + 4*k = -y*p + 1913. Is p a prime number?
True
Let t(c) be the second derivative of c**5/20 - c**4/4 + 2*c**3/3 - 2*c**2 - 31*c. Let d be t(2). Suppose 0 = -4*y + b + 4851, d*y - 5*y = -b - 6064. Is y prime?
True
Let c be 5/(-30)*346*2*6. Let p = c - -22. Let x = -35 - p. Is x a composite number?
True
Suppose 3*r + 14 = 5*b, r - b = -0*r - 2. Suppose h = -4*q - 13, 0*h - 2*h = r*q + 2. Suppose -1148 = -y - h*y. Is y a prime number?
False
Suppose 8510 = 5*n - 1835. Suppose -3*l + 3438 = -0*l. Let q = n - l. Is q composite?
True
Let u be 3*(454/3 + 1). Suppose -4*r = r + 2*a - u, r - 4*a - 109 = 0. Suppose -r = -3*i + 81. Is i a composite number?
True
Let j(y) = -1733*y**3 + 10*y**2 - 163*y - 1647. Is j(-11) a prime number?
True
Suppose 5 = -b - s + 2, -5*b = -5*s - 35. Is b + 3134 + 3 + 3 a prime number?
False
Suppose -2*l - 3*w + 23444 = w, w = 3*l - 35138. Is l a prime number?
False
Let i(t) = 10*t**3 - 5*t**2 + 9*t - 3. Let u be i(5). Suppose 4*k - c - 4752 = 0, -4*c = -k - 9*c + u. Is k composite?
False
Suppose 5*v + 4534 - 187967 = 3*h, -2*h - 36681 = -v. Is v prime?
False
Let o = 6 + 6. Let i be o/5 + 0 - (-27)/45. Suppose 0 = i*d + 3, -d + 3260 = -0*s + 3*s. Is s composite?
False
Let n be (6/5)/(15/200). Suppose 4*k - n = 2*u, -3*u - 5*k = -u - 11. Is u/(-36)*4 + (-90532)/(-36) prime?
False
Let m(s) = -10 - 3 - 45*s + 129*s. Suppose -84 = 47*b - 272. Is m(b) a composite number?
True
Is 90/(-450) + (792933/15 - 3) prime?
True
Let g(f) = 7186*f - 3. Let b(q)